 Is (w - 1) + 556 + -1 a composite number?
False
Let k(a) = 6447*a + 3410. Is k(19) a prime number?
False
Let c = 2641741 + -1581380. Is c prime?
True
Let w be (-75786)/(-18) + (-8)/(-12). Let t = 6025 - w. Is t composite?
True
Suppose 3*n + 5*j - 13 = -47, -4*j = -2*n + 14. Let l be 3/(-1) - n - 3. Is (l + (9 - 1))*59 a prime number?
False
Suppose 2*w = q + 10, 45 - 17 = 4*w + 2*q. Is 3 - ((-9417)/2 + w/12) prime?
False
Let u = -17835 - -8524. Let h = u + 17776. Is h a composite number?
True
Let w = 104852 + 10161. Is w a composite number?
False
Suppose 0 = -2*i + 19 - 27, -7*i + 68487 = 5*s. Is s composite?
True
Let v(b) = 42*b**2 - 19*b - 160. Suppose 18*f + 20*f + 1026 = 0. Is v(f) prime?
True
Let f = 1932466 - 1283663. Is f a prime number?
True
Suppose 0 = -2*j + 2*u + 3*u + 19, -4*u = -5*j + 39. Let x(a) = -a + 7. Let l be x(j). Suppose 3*d = -4*h + 562 + 699, l = h - 1. Is d composite?
False
Let f(p) = 127*p**2 + 46*p + 301. Is f(24) prime?
False
Let b be 12/18*(-1 + 4). Is 10753*(b - (0 + 1)) composite?
False
Suppose -3*g = -4*q + 791621, q + g = -3*g + 197929. Is q a prime number?
True
Let w be -3*3/(9/(-14)). Let j(a) = 111*a - 66. Let o(c) = -111*c + 79. Let t(x) = 6*j(x) + 5*o(x). Is t(w) a composite number?
False
Let l be 1186/(((-4)/9)/((-32)/144)). Suppose v - 2552 + l = 0. Is v prime?
False
Let r = -337 + 339. Suppose -3*y - 15358 = -r*o, -3*o + 23037 = -11*y + 9*y. Is o prime?
False
Suppose -2*i - 4*k + 8 = 0, -4*i + 2 = -3*k - 3. Suppose q + 5 = 3*h, i*q + 22 + 28 = -4*h. Is (19 + q)/((-2)/(-179)) composite?
False
Let j be 2 - -9 - (-10)/(60/(-18)). Suppose j*z - 3*z - 1217 = -k, -3*z - 5973 = -5*k. Let g = -304 + k. Is g a prime number?
False
Let d be 14/(-4)*(-8 + 11 + 1253). Let g = d - -9227. Is g a composite number?
False
Suppose 2*i + 5*u = -1, -2*i + 4 = 2*i + 4*u. Suppose -i*o + 19825 = 3*v, -35*v + 32*v - 4*o + 19829 = 0. Is v a prime number?
True
Let p(t) = -569*t - 1163. Let r be p(-2). Let k(y) = 4*y - y**2 + 2 + 2*y**2 + 8. Is k(r) a composite number?
True
Suppose 4*g - 32 = -4*b, g - 3*b = -2 - 10. Suppose -m + g*m = 374. Is m composite?
True
Let m = 1291 + -467. Suppose 1636 = 2*n - z - z, n + z - m = 0. Is n composite?
False
Let q(d) = -104*d + 6. Let x be q(7). Let m = x - -459. Is (m/3)/((-9)/27) a composite number?
False
Let p = -54 - -377. Let o(m) = -3*m + 43. Let s be o(13). Suppose k - p - 824 = -5*n, -s*k - 3*n + 4588 = 0. Is k prime?
False
Let x be (1 - (-3609)/4)/(44/(-1232)). Let l = 39732 + x. Is l a composite number?
True
Let z(l) = -4106*l - 70. Let n be z(-5). Suppose -7546 = 22*r - n. Is r prime?
True
Let t = 37 + -35. Let u be 21 + -14 + t + -6. Suppose -u*x = -218 - 151. Is x a prime number?
False
Let i(x) = -1324*x - 13. Let j be -2 - (40/(-6) + (-13)/39). Let b be i(j). Let a = 12212 + b. Is a a prime number?
False
Suppose -391 + 28 = -11*d. Let k(j) = 32*j - 89. Is k(d) composite?
False
Is 364095 - 1/2*-16 composite?
False
Suppose -84 = 7*p - 10*p. Suppose -27*l + p*l = -486. Let m = 1169 + l. Is m composite?
False
Suppose 0 = w - 3*n - 363, 5*w - 981 = -4*n + 929. Let l be 84/(-56)*(-3)/(18/(-1468)). Let g = w - l. Is g a prime number?
False
Let y be 19/2 - 2/4. Let b be -3252 - y/((-36)/(-16)). Is 36/84 + b/(-14) a composite number?
False
Let j = 5526 - 3319. Is j a composite number?
False
Suppose 0 = -3*h - 4*p + 10, -3*h + 17 = p + 1. Let f(g) = 293*g**2 - 6*g - 13. Is f(h) composite?
False
Suppose -4*i = -4*q - 31984, -2*i + 0*i = 3*q - 15972. Let y = i - 1051. Is y composite?
True
Let i(x) = -22131*x - 2593. Is i(-4) a composite number?
False
Suppose -8*u - 5*m - 140 = -9*u, 4*m = -5*u + 758. Suppose -2*v + t + 6344 = -u, v = 3*t + 3247. Is v composite?
True
Is -88 - -34299 - ((1 - -1 - 2) + 0) prime?
True
Suppose -27 = 41*s - 44*s. Suppose -438 = -s*z + 22089. Is z a prime number?
True
Let s(y) = 749*y - 19. Let a(w) = 749*w - 21. Let z(n) = 3*a(n) - 4*s(n). Is z(-2) prime?
True
Let q = 699876 + -130883. Is q composite?
True
Let t be (4 - 17/((-51)/(-18))) + 14. Suppose -4*c + t*h = 16*h - 3232, -806 = -c - 3*h. Is c composite?
False
Let b = 153 - 150. Suppose 0 = 4*p + b*a - 319559, -3*p - 3*a = -225593 - 14077. Is p prime?
True
Suppose 146*q + 68131077 - 316515855 = -188*q. Is q composite?
True
Suppose -5*k + 653159 = -2*a, -3*k + 201*a - 206*a = -391883. Is k a prime number?
True
Suppose -1199 = a - k, 1370 - 6170 = 4*a - 3*k. Let i = 4340 + a. Is i composite?
False
Suppose 3*q = 1 - 277. Suppose 3*x = -2*s - 609, 3*x = 190*s - 185*s - 588. Let n = q - x. Is n a prime number?
True
Let a(k) = 9490*k**3 + 10*k**2 - 25*k - 14. Is a(3) composite?
True
Is (2*(-15)/(-10)*60397)/3 composite?
False
Let f be (58/5)/(2/5). Suppose -28*q - 3697 = -f*q. Is q composite?
False
Is (-12 - (-567)/54)/((-3)/183142) a composite number?
False
Suppose -49948*d + 49953*d = 328292 + 132503. Is d composite?
True
Let c(s) = 116*s - 30. Let i be c(8). Let l = 1623 - i. Let d = l + -432. Is d composite?
False
Suppose 0 = 46*q - 66193 - 2597805. Is q composite?
True
Let o = -9 + 37. Suppose -u + o = 26. Suppose -u*f - 3583 = -4*f + 3*h, -h = -4*f + 7191. Is f prime?
False
Let o be (-1)/(-1)*1*(-8)/2. Let x be (2 + o + -8)*(-3)/6. Suppose 846 = 3*v + 3*c, x*v - v - c - 1153 = 0. Is v a prime number?
False
Suppose -6*j - 108 = -33*j. Suppose j*c + 6968 - 531 = g, -c - 2 = 0. Is g a prime number?
False
Let m be (2/8)/(24/384). Suppose -1 = -5*o + m. Suppose 3*k - 4068 = h, 4*h + o = 13. Is k a composite number?
True
Suppose 0 = 125*k - 14661353 - 5406272. Is k prime?
True
Suppose 0 = 3*t - 419866 + 12049. Suppose -34974 + t = 15*p. Is p a composite number?
True
Let d(c) = 4*c - 32. Let m(y) = -1. Let h(l) = d(l) - 5*m(l). Let f be h(8). Suppose 0 = -p + 2*p - 5*w - 197, -f*w = -20. Is p a prime number?
False
Is 809860/(22/11*1) + 11 composite?
False
Let b be (1 - (-9)/(-5))/((-20)/100). Suppose -4*i + b*m = -19388, -19189 = -5*i + 2*m + 5046. Is i prime?
False
Let g(r) be the second derivative of -19*r**3/3 + 7*r**2/2 + 14*r. Let u be g(8). Let p = 34 - u. Is p a composite number?
False
Let i(t) = -4*t**3 + 3*t**2 + 4*t + 3863. Is i(0) prime?
True
Suppose -15*a + 104 = 74. Suppose -a*l - 6*o + 3*o + 37387 = 0, 5*o + 18726 = l. Is l a composite number?
False
Suppose 13295*y - 13296*y + 62641 = 0. Is y a composite number?
True
Suppose 541*r - 464*r - 4434661 = 0. Is r a composite number?
False
Is (-297)/66*(-9453624)/108 composite?
False
Suppose 4 = y - 3. Let b(d) = 4*d**3 - 272*d**2 + 4*d + 65. Let w be b(68). Suppose -6*k = -y*k + w. Is k composite?
False
Let h = 183 + -133. Suppose 0 = t, 3*t + h = k - 107. Is k composite?
False
Suppose -3*w + 7*w = -5*j + 825798, 2*w - 412888 = 3*j. Is w a composite number?
False
Suppose -412*i + 378*i = -809234. Is i a prime number?
True
Suppose 16 = -5*b + 1371. Let z = 100 + b. Is z a prime number?
False
Let n(m) = -6662*m - 3601. Is n(-4) a prime number?
False
Let p(d) = 29*d**2 + 11*d + 48. Let s be p(11). Suppose w - z = 1228, -z - s = -3*w - 4*z. Let m = 1770 - w. Is m prime?
False
Suppose 12 = -4*u - 4*v, u - 17 = 6*u + 3*v. Let x be 4/8 - 718/u. Let m = 917 - x. Is m prime?
False
Let s be 25 - -1 - (8 + -12). Let i = 2063 - s. Is i a composite number?
True
Let a(m) = 6460*m + 1873. Is a(37) a prime number?
True
Suppose 1528 = 2*w - f, 2*w = -w + 2*f + 2292. Let q = 692 - 1077. Let k = w + q. Is k prime?
True
Let l be (1143/(-508))/((-3)/4). Suppose 15 = l*y, -2*p + p + 11192 = -y. Is p prime?
True
Let q(d) = 3*d**2 - 20*d + 121. Let k = -112 + 82. Is q(k) composite?
True
Suppose -85*d + 84*d = -3909. Suppose 2*o - 5*o + d = -3*k, -3*o - 3921 = 3*k. Let i = -632 - k. Is i a prime number?
True
Let p(c) be the second derivative of c**6/18 - c**4/24 + 3*c**3/2 + 6*c. Let r(z) be the second derivative of p(z). Is r(1) a composite number?
False
Let f = -109 + 294. Suppose -f = 69*m - 74*m. Is m a composite number?
False
Suppose -5*i + 493993 = -5*d + 183798, 0 = i + 2*d - 62039. Is i prime?
True
Let z = 8782 + -5997. Suppose -z = 5*h + 155. Let a = -193 - h. Is a a composite number?
True
Let z be (1588 + 2)*(3/(-2) + 2). Let j = 219 - z. Let p = 1373 + j. Is p prime?
True
Suppose 0 = 2*t - 4*q - 69826, -5*t = 23*q - 27*q - 174565. Is t prime?
True
Let u(o) = -15*o**